is i(l)?
-7
Let r(a) = -88*a**3 + 2*a**2 - 1. Suppose -4*p = -3*u + 23, 7*u + 2*p = 6*u - 9. What is r(u)?
-87
Let q(r) = -5*r - 49. Let z be q(-12). Let h(y) = y - 4 - z + 14 - 2. Determine h(4).
1
Let b = -903 - -931. Let k be ((-18)/(-5))/(b/(-70)). Let z(d) = 2*d + 17. Determine z(k).
-1
Let s be ((-5)/2)/((-5)/12). Let u(r) = 3*r**2 - 1 + 2*r**2 + 7*r - 6*r**2 - 4. What is u(s)?
1
Let p(c) = -4*c. Suppose 0 = -3*r + 3 - 3. Suppose -2*u - 2*u - s + 8 = r, -3*s = -4*u + 24. Suppose -5*d + d + 3*i = -4, i + 10 = -u*d. Give p(d).
8
Let i(w) = 22*w - 251. Let m(q) = 11*q - 133. Let c(x) = -6*i(x) + 11*m(x). Give c(5).
-12
Let x be (58/87)/(3 + 40/(-12)). Let y = -13 - -16. Let r(k) = 4*k - 1 - 35*k**3 - y*k + 34*k**3. Give r(x).
5
Let b be (-9*22/297)/(1/48*2). Let n(c) = 3*c + 39. Determine n(b).
-9
Let z be ((-63)/(-4))/(-7 + (-174)/(-24)). Let g = 66 - z. Suppose r = 2*x - 4, 4*x = -g*r - x - 23. Let c(o) = -o - 5. Give c(r).
1
Let o(t) = t - 7. Let n(x) = 2*x - 14. Let g(m) = 2*n(m) - 3*o(m). Determine g(5).
-2
Let n(t) be the second derivative of -t**5/20 - 5*t**4/6 + 2*t**3 + 15*t**2/2 + 2643*t. Determine n(-11).
4
Suppose 19*c - 19 + 15 = 34. Let m(w) = -54*w + 1. Determine m(c).
-107
Let f(i) = i**2 + i - 6. Let g be (-31)/155 + (-77)/15 - (-4)/3. Give f(g).
6
Let n(a) = -a - 28. Let c = 327 + -311. Suppose -4*l = -7*l + 5*h - c, 3*l + 4*h + 52 = 0. What is n(l)?
-16
Let g(h) = h**2 - 42*h - 3041. Let f be g(80). Let o(j) = 52*j + 1. Give o(f).
-51
Let n(y) = -y**3 + 5*y**2 - 3*y + 1. Let f(l) = -l**2 - 120*l. Let z be f(-120). Calculate n(z).
1
Let o(g) = 2*g**2 - 126*g + 799. Let s be o(56). Let b(m) = 3*m**2 - 46*m + 2. Give b(s).
-13
Let b(g) = -27*g**2 - 15*g + 10. Let y(d) = 66*d**2 + 37*d - 25. Let s(c) = 12*b(c) + 5*y(c). What is s(2)?
29
Let p(d) be the third derivative of 0 - 1/12*d**5 - 3*d**2 + 26*d - 1/120*d**6 + 0*d**3 + 1/24*d**4. Give p(-5).
-5
Let i be (-1)/4*0 + 88. Let t = i + -60. Let j be (-7)/t + (-39)/(-12). Let k(h) = -h + 1. Calculate k(j).
-2
Let d(o) = -o**3 + 6*o**2 + o - 7. Let y be d(2). Suppose -7*c = 116 - y. Let a = 20 + c. Let b(p) = -p**3 + 4*p**2 + 6*p - 6. Give b(a).
-1
Let q(g) be the second derivative of 11*g**3/6 - 19*g**2 + 933*g. Calculate q(3).
-5
Let n(l) = -44*l + 1. Suppose 2*g + 4*t + 6 = 0, -t + 305 - 314 = 3*g. Calculate n(g).
133
Suppose 29*g - 5*g - 216 = 0. Let j(k) = 7 - 16*k - g*k + 23*k. Determine j(7).
-7
Let i(d) = 22 + 44 - 10*d + 11 + 15. What is i(10)?
-8
Suppose 180*i - 176*i - 4 = 0. Let k(d) = 26*d + 3. Calculate k(i).
29
Let p(w) = -4*w**2 - 46*w - 20. Let b be p(-11). Let x = -13 - -18. Let v be 16/(-6)*(x - b). Let l(s) = s**3 + 9*s**2 + 7*s - 4. Give l(v).
4
Suppose -138 = -4*n - 78. Suppose n = -3*k, -k + 9 = 4*b - 6*k. Let z(s) = 3*s - 1. Let r(u) = -u. Let w(f) = -2*r(f) - z(f). Calculate w(b).
5
Let h(j) = -j + 10. Let d(p) = 4*p - 68. Let l(y) = -d(y) - 5*h(y). Give l(-24).
-6
Let x(f) = f**3 - 2*f**2 - f + 5. Let n(q) = -2*q**3 - 4*q**2 + 44*q - 19. Let o be n(-6). Give x(o).
75
Suppose 3*x + 1 = 4, 2*x = 4*u + 90. Let m(l) = -l**2 - 26*l - 32. Let o be m(u). Let k(n) = 113 - o - n - 59. Determine k(-5).
3
Suppose -8*v + 420 = -484. Suppose v = -26*g - 303. Let w(y) = -y**3 - 15*y**2 + 17*y + 4. What is w(g)?
-12
Let d(z) = -2*z**3 + z**2 - 2*z + 15. Let x(k) = 9*k**3 + 13*k**2 + 25*k + 17. Let m(l) = 5*d(l) + x(l). What is m(19)?
16
Let w(u) = 18299*u - 172 - 18303*u + 212. Give w(15).
-20
Let a(r) = r**3 - 16*r**2 + 12*r + 37. Let n be ((-1236)/112)/(15/(-20)) + 8/28. Determine a(n).
-8
Let v(t) = -6*t**2 - 108*t - 99. Let x(b) = -b**2 - 18*b - 18. Let w(d) = -3*v(d) + 17*x(d). Give w(-19).
10
Let j(w) = -w**2 + 5*w - 7. Let i = -286 - -320. Suppose i*a = 5*a + 145. Calculate j(a).
-7
Let k(q) = 3*q. Let p be k(-1). Let l(u) be the third derivative of u**6/120 + u**5/30 - u**4/6 - u**3/2 - 1737*u**2. Give l(p).
0
Let w(v) be the first derivative of -11/2*v**2 - 13*v - 1/4*v**4 - 209 - 11/3*v**3. Calculate w(-10).
-3
Suppose 43*x - 16*x = -270. Let i(m) = -5*m - 40. Let u be i(x). Let v(c) = 2*c + 4. Give v(u).
24
Suppose -2*c - 3*n + 387 + 124 = 0, -2*c = 5*n - 505. Let m(g) = 4*g + 522 - 261 - c + g**2. Suppose -i + 2*k = -k + 10, -4*i - 3*k - 10 = 0. Give m(i).
1
Let f(x) = 2*x - 11. Let s = -52 - -76. Suppose -o - 25 = -4*h + 2*o, 3*o = -3*h + s. Let c be (4 - (5 - 2)) + h. What is f(c)?
5
Let w(x) = -56*x**2 - 5*x. Let h be w(3). Let q = h + 532. Let u(a) = -a**2 + 14*a - 15. Determine u(q).
-2
Let h = 4250 - 4250. Let s(n) = n**2 - n - 16. Determine s(h).
-16
Let o(u) = -u**2 + 14*u - 18. Suppose -2*a = 2, 2*n - 12 = 4*a - 2*a. Let k be n*(-133)/(-35) - 6. Calculate o(k).
-5
Suppose 4*m + 8 = -5*v, 15 = 10*m - 5*m. Let l(b) be the second derivative of -b**3/3 - 7*b**2/2 - 24*b. Give l(v).
1
Let v(m) = m**3 + 5*m**2 - 4*m - 5. Let d be (48/18)/((-16)/(-12)). Let c be (7 - 8)*d*3. What is v(c)?
-17
Let z(f) be the third derivative of -f**5/60 + 5*f**4/24 + 2*f**3/3 - 42*f**2 + 19. Give z(3).
10
Let b = -6251 + 6253. Let d(c) = -30*c + 9. Determine d(b).
-51
Let r(n) = n - 1. Let z be r(3). Let q be 1/(((-12)/(-56))/((-18)/(-21))). Suppose -z*b - q = -b. Let j(v) = -2*v - 5. Calculate j(b).
3
Let z(v) = 297*v - 1320. Let x(u) = -5*u + 22. Let c(d) = 121*x(d) + 2*z(d). Let t(p) = -5*p + 10. Let j(g) = -6*c(g) + 13*t(g). Calculate j(2).
0
Let x = -19 + 22. Let l be (8/x)/(5/75*-5). Let v(f) = 2*f + 9. What is v(l)?
-7
Let r(z) = -28*z**2 - 11952260*z + 1 + 11952260*z. Let d = -21 + 20. Determine r(d).
-27
Let u(y) be the first derivative of y**2/2 - 19*y + 297. Give u(17).
-2
Suppose -q = -10 + 5. Let h(a) be the second derivative of a**3/2 - 3*a**2/2 - 120*a. Give h(q).
12
Let k(w) be the first derivative of w**3/3 + 3*w**2 + 7*w + 44. Let r(y) = y**2 + 19*y + 57. Let s be r(-4). Give k(s).
-2
Suppose -3*c + 0*c = 12. Let h be -2*(-1 + -2) + c. Let l(s) = 0*s**2 + 2*s + 3*s**h - 4*s**2 + 2. Calculate l(2).
2
Let f(r) = -3*r. Let w be f(-5). Let y(m) = 3*m + 135. Let p(q) = q + 76. Let j(v) = -2*p(v) + y(v). Calculate j(w).
-2
Let b(y) = -3 - 66*y**2 + 31*y**2 - 16 + 36*y**2 - 7*y. Determine b(11).
25
Let s(r) be the second derivative of r**4/12 + r**3/3 + 16*r - 347. Suppose -2*t + 7 = k, -t + 4*k - 19 = -0*t. Suppose 3*y + 10 = t. What is s(y)?
3
Let b(u) = 2*u**2 - u - 14. Let x be b(3). Let w(f) be the first derivative of 7*f**3/3 - 236. What is w(x)?
7
Let k(y) = -y + 2. Let d(m) be the first derivative of -3*m**2 + 12*m + 73. Let n(i) = -2*d(i) + 11*k(i). Determine n(-9).
-11
Let a(f) = 17*f - 50. Let o(j) = -2*j + 12. Let m(h) = -a(h) - 4*o(h). Suppose 2*l + 2*y - 8 = y, 3*l - y = 2. Give m(l).
-16
Let q(j) be the first derivative of -13*j**3/3 + 155*j + 42. Let r(l) be the first derivative of q(l). Give r(1).
-26
Let p(z) = 26 + 0 + 66 + 47 + 7*z + 153. What is p(-41)?
5
Let l be ((-144)/40)/((-14)/105). Let t(c) = c**2 - 33*c + 90. What is t(l)?
-72
Let x(d) be the first derivative of -d**5/60 - 5*d**4/24 + d**3/6 - d**2 + 47*d + 18. Let i(s) be the second derivative of x(s). Give i(-4).
5
Let v(f) = f**3 + 26*f**2 - f - 31. Let y = -11627 + 11601. Determine v(y).
-5
Let v(x) = -2*x**3 + 5*x**2 + 12*x + 6. Let d(n) = n**3 + 93*n**2 - 99*n - 466. Let q be d(-94). Calculate v(q).
6
Let p(x) = -2*x + 2. Let z(y) = -y**3 - 9*y**2 - 2*y + 8. Let d be z(-9). Suppose -13*s = -11*s + 5*k - 52, -s - 4*k = -d. Let f = s - 24. Calculate p(f).
-2
Let h(k) = k**2 - k - 1. Let b(u) = -4*u**2 - 12*u - 164. Let p(d) = b(d) + 5*h(d). Let l be p(-7). Let y(g) = 14*g**2. Calculate y(l).
14
Suppose -3 = -c + 2*p, -c = -4*p - p. Let z(g) = 17*g**3 + 67*g**2 - 7*g - 1. Let r(s) = -2*s**3 - 9*s**2 + s. Let v(n) = -8*r(n) - z(n). Give v(c).
-4
Let s(a) be the second derivative of a**4/12 - a**3/3 + 5*a. Let i be 2*(-3)/2 + 13. Let k be ((-15)/i)/(1/2). Give s(k).
15
Suppose 12*w = 4*w + 4*w. Let u(k) = -4*k - 8*k - 3*k**2 + w*k - 3 + k**3 + 9*k. Calculate u(-2).
-17
Let n(q) = q + 1. Let a = 27 - 21. Let c(d) = d**2 - d - 6. Let j be c(a). Suppose -4*h - j + 0 = 0. Determine n(h).
-5
Let h(m) = m**3 + 2*m**2 - 9*m + 15. Let j(o) = -134*o - 4159. Let b be j(-31). Calculate h(b).
-15
Let d(m) be the first derivative of -m**3/3 + 5*m**2 - 8*m + 904. Determine d(8).
8
Let h(j